eatest common factor of 13 and x?
13
Let m = 526 - 499. Suppose 0 = 3*s - 44 - 37. Calculate the highest common divisor of m and s.
27
Let b = 1315 - 1263. Calculate the greatest common factor of b and 260.
52
Let j = 3594 + -3432. Calculate the greatest common factor of j and 72.
18
Let x(h) = -3*h**3 - 37*h**2 + 7*h - 177. Let i be x(-17). What is the highest common divisor of 6 and i?
6
Let w = -831 + 500. Let h = w - -364. What is the greatest common factor of 3 and h?
3
Suppose 7*x = 39*x - 1728. Calculate the greatest common factor of x and 66.
6
Let q be 73/4 - (-6)/8. Let w = -1 + 16. Suppose -w*d - 418 = -17*d. Calculate the highest common factor of d and q.
19
Suppose -14*t = 16*t - 33*t. Suppose t + 6 = 2*w. Calculate the highest common factor of 15 and w.
3
Suppose 257*o - 157415 = -43*o + 1030885. What is the greatest common divisor of o and 466?
233
Suppose 1518*i + 24089 = 1627*i. Calculate the greatest common divisor of i and 15691.
221
Let a = 14864 - 13166. What is the greatest common divisor of 6 and a?
6
Let y = 48 + -23. Suppose y*o + 503 = 1628. Calculate the greatest common factor of 180 and o.
45
Let v(s) = -s**2 - 392*s - 30972. Let d be v(-282). Suppose 9 = -2*b + 3*b. Calculate the greatest common divisor of d and b.
3
Let c(l) = -2*l**3 + 17*l**2 + 28*l + 17. Let m be c(-9). What is the highest common factor of 1000 and m?
200
Let o be 35/(-28)*-1*4. Suppose -25 = o*v, -v - 336 = -4*j + 313. Calculate the highest common divisor of j and 46.
23
Let c(w) = 2*w**2 + w + 3. Let y be c(-2). Let r be y/(-6) + 78/4. Suppose r = 4*p - 10. What is the greatest common factor of p and 21?
7
Suppose 0 = 2*k - 52 - 876. What is the highest common divisor of 32 and k?
16
Let t(d) = 8*d**2 - 8*d + 24. Let l be t(-5). Suppose 4*z - l = g, 268 = -2*z + 6*z - 2*g. Calculate the highest common factor of 13 and z.
13
Let c = -1304 + 1472. Calculate the highest common divisor of c and 248.
8
Let i be -10*(-4 - 24/(-10)). Suppose 0 = -i*o + 21*o + 110. Let n = 32 + o. Calculate the highest common divisor of n and 15.
5
Suppose 4*g - 4*h = 24, -g = 6*h - h - 6. Let b be -1*(-276)/(-3 + g). Suppose -45*m = -41*m - b. Calculate the greatest common factor of m and 69.
23
Suppose 2*s = -w + 1099, -3*w - 1087 = -2*s - 0*w. What is the greatest common divisor of 685 and s?
137
Let i be 3340/14 + 0 + 24/56. Let j = i - 179. What is the greatest common divisor of j and 6?
6
Let v be -3 + (-1)/((-3)/18). Let c(y) = -21 + 5*y**2 + 39 - 30 + 5*y. Let b be c(v). What is the highest common divisor of 12 and b?
12
Let x = 16566 + -16470. What is the highest common divisor of 66 and x?
6
Let i = 15992 + -15803. Suppose -2*n + 79 - 25 = 0. Calculate the highest common factor of n and i.
27
Suppose -2*u - 10 + 16 = 0. Suppose 3*g - 10*g = 210. Let h = g + 31. What is the greatest common factor of h and u?
1
Let s = 1 + -1. Suppose -229*m + 22*m + 42386 = 365. Suppose -5*l - 2*l + m = s. What is the highest common divisor of 232 and l?
29
Let n(c) = 362*c - 1728. Let p be n(7). What is the greatest common factor of 13 and p?
13
Suppose 35*n - 67*n - 272 = -49*n. What is the highest common divisor of n and 29968?
16
Suppose 0 = -3*o - o + 12. Suppose -5*y + 40 = o*y. Suppose 0 = l + a - 18 - y, 2*l = a + 43. What is the greatest common divisor of l and 88?
22
Let j = 145 - 357. Let o = -92 - j. Calculate the greatest common divisor of o and 160.
40
Let l = 2654 + -1970. What is the greatest common factor of 36 and l?
36
Let w = -14929 - -20330. Calculate the highest common factor of w and 22.
11
Suppose -3*v + 2*g = -3*g - 215, -2*g = -v + 72. Let d be (((-396)/8)/(-33))/((-1)/(-210)). Calculate the greatest common divisor of d and v.
35
Let q = 269 + -185. Suppose -4*s + 2*s + q = 0. Suppose 12 - 3 = g - t, 0 = 3*g + 3*t - 57. Calculate the greatest common divisor of s and g.
14
Let h(y) be the second derivative of -y**4/12 - y**3 - 2*y**2 - 28*y. Let l be h(-3). Let j be -3*1/(-3) + 39. What is the greatest common factor of j and l?
5
Let y(d) be the second derivative of 5*d**4/3 + 5*d**3/3 + 2*d**2 - 179*d. Let q be y(-3). Calculate the greatest common factor of q and 22.
22
Let n = 32360 - 28466. Calculate the greatest common divisor of 354 and n.
354
Suppose m = -2*d + 3, -2*d + 3*m - 2*m + 9 = 0. Suppose -26 = d*p - 4*p. Suppose -25*i + 43*i - 39*i + 819 = 0. Calculate the greatest common factor of i and p.
13
Let g be (11 + -6 - -34) + 1. Suppose -4*p = 20, 2*p + 0 = -o - 8. Suppose -7*n + 40 = -o*n. Calculate the greatest common divisor of n and g.
8
Let r(w) = 17*w + 1304. Let m be r(-72). Calculate the highest common divisor of 912 and m.
16
Let z = 31305 + -31257. Calculate the highest common factor of 6108 and z.
12
Let t be 18/(-120)*8*(-1 + (-148)/12). Let u = 323 + 109. What is the greatest common factor of u and t?
16
Let c(t) = 18*t + 9. Let f be c(-2). Let r be (f/(-18))/(5 - 2)*234. Calculate the highest common divisor of 156 and r.
39
Let d(z) = -13*z - 1. Let i be d(-1). Let y(c) = -529*c - 253. Let t be y(-1). Calculate the highest common divisor of t and i.
12
Let a be ((-2)/4)/(95/(-36860)). Suppose 122 - a = -4*r. What is the highest common divisor of r and 81?
9
Suppose 0 = 3*l - 8*l - b + 344, -3*l + 2*b = -196. Let c be 49/5390*55*-56*(-85)/10. What is the greatest common factor of l and c?
34
Let v(w) = -3*w - 84. Let b be v(16). Let a = 258 + b. What is the highest common divisor of a and 28?
14
Let l = 63 + -40. Suppose -l + 27 = -4*x. Let t be (-6 + (-120)/(-32))/(x/8). Calculate the greatest common factor of 126 and t.
18
Suppose 0 = m - 0*m - 133. Let w = -652 + m. Let x = -273 - w. What is the highest common factor of 41 and x?
41
Suppose 424 = 21*i - 878. Suppose i*f + 13*f = 3375. Let y be 2/((8/30)/2). What is the greatest common divisor of y and f?
15
Let u be -1 - 0 - (896/(-35))/(1/80). What is the greatest common divisor of u and 161?
23
Suppose 114*c - 181*c = -32093. Calculate the highest common factor of c and 3.
1
Suppose -2*a = o - 3140 - 1771, -2*o = -3*a - 9801. Calculate the greatest common factor of 90 and o.
45
Let q = -4488 + 5084. Calculate the greatest common divisor of q and 1.
1
Let c(k) be the second derivative of k**4/4 - 11*k**3/6 - 20*k**2 + 14*k + 3. Let f be c(-7). Let d = 50 - 27. Calculate the highest common factor of d and f.
23
Suppose -78*m + 134398 - 130108 = 0. Let l = 74 - 41. Calculate the greatest common factor of l and m.
11
Let g(b) = b**3 - 12*b**2 + 13*b + 3. Let v be g(11). Suppose -44*c + 494 = -v*c. Calculate the highest common divisor of 13 and c.
13
Let h = 18 - -3. Let g be (-7)/(-2) - ((-6)/4)/3. Suppose g*b = -b + 15. What is the highest common divisor of h and b?
3
Let z be ((-4)/(40/75))/((-3)/126). Suppose -121*w - z = -128*w. Calculate the greatest common divisor of 135 and w.
45
Suppose o + 4*w = 60, 0 = 2*w + 32 - 24. What is the highest common factor of 5092 and o?
76
Let l(t) = 97*t + 5035. Let u be l(-51). Calculate the greatest common factor of u and 8.
8
Let l = -5937 - -6036. Calculate the greatest common divisor of l and 4851.
99
Let b(g) = 370*g**2 - 3*g - 3. Suppose 0 = 3*t - 4*s - 9, 5*t - t + 1 = s. Let v be b(t). Let y = v - 190. What is the highest common divisor of 20 and y?
20
Suppose -770 = 3*a - 11*a - 3*a. Calculate the greatest common factor of 6755 and a.
35
Suppose -20 = 17*m - 785. Let p = 111 - 75. Calculate the highest common divisor of m and p.
9
Suppose 10*d - 22*d = 13*d - 2450. Calculate the greatest common divisor of d and 154.
14
Suppose -4*b + 152 = 4*b. Let r(i) = -38*i - 57. Let c be r(-2). What is the greatest common factor of b and c?
19
Suppose 37*q - 6 = 35*q. Suppose -3*v = u - 145, -q*u = -v - v + 115. Suppose 2*j - 8 = 2*l + 18, 2*l = 4*j - v. What is the highest common divisor of j and 8?
4
Let t(c) = c**3 - 27*c**2 - 18*c + 32. Let o be t(28). Calculate the greatest common divisor of 351 and o.
39
Suppose -22 = 5*c - 117. Let p(n) = -14*n + 9*n**2 + 4 - 27*n**2 - 12 - 9 + n**3. Let q be p(c). What is the greatest common divisor of 6 and q?
6
Let l be 170 - (1 + -6*(-14)/12). Suppose -2*g + 5*g - d = 13, 3*d - 39 = -4*g. Calculate the highest common factor of l and g.
6
Suppose -2*a + 3*c = 0, 0 = 5*a - 0*a + 4*c. Suppose 